hat is the remainder when 380 is divided by 183?
14
Calculate the remainder when 944 is divided by 85.
9
Calculate the remainder when 80950 is divided by 479.
478
What is the remainder when 3671 is divided by 166?
19
What is the remainder when 1769 is divided by 178?
167
What is the remainder when 105568 is divided by 17?
15
Calculate the remainder when 523 is divided by 254.
15
Calculate the remainder when 40865 is divided by 9.
5
What is the remainder when 3138103 is divided by 1569043?
17
Calculate the remainder when 1185 is divided by 66.
63
Calculate the remainder when 609597 is divided by 152395.
17
Calculate the remainder when 314 is divided by 63.
62
What is the remainder when 429635 is divided by 467?
462
Calculate the remainder when 3098 is divided by 1531.
36
Calculate the remainder when 3116 is divided by 77.
36
What is the remainder when 7061 is divided by 79?
30
What is the remainder when 285 is divided by 129?
27
Calculate the remainder when 303246 is divided by 1028.
1014
What is the remainder when 76896 is divided by 80?
16
What is the remainder when 1743791 is divided by 1427?
1424
What is the remainder when 15475 is divided by 52?
31
Calculate the remainder when 20928 is divided by 7.
5
What is the remainder when 5057 is divided by 1616?
209
Calculate the remainder when 18094 is divided by 3514.
524
What is the remainder when 16124 is divided by 4623?
2255
Calculate the remainder when 22045 is divided by 5490.
85
What is the remainder when 119602 is divided by 9182?
236
Calculate the remainder when 336 is divided by 270.
66
Calculate the remainder when 37246 is divided by 37246.
0
Calculate the remainder when 2787 is divided by 457.
45
What is the remainder when 54059 is divided by 1930?
19
What is the remainder when 9072 is divided by 221?
11
What is the remainder when 3785 is divided by 1872?
41
What is the remainder when 5561 is divided by 144?
89
What is the remainder when 1232 is divided by 443?
346
What is the remainder when 3450 is divided by 32?
26
Calculate the remainder when 1205 is divided by 315.
260
What is the remainder when 5749256 is divided by 44?
40
Calculate the remainder when 10353 is divided by 75.
3
What is the remainder when 6221 is divided by 1551?
17
Calculate the remainder when 9261 is divided by 789.
582
What is the remainder when 7506 is divided by 113?
48
What is the remainder when 41864 is divided by 523?
24
What is the remainder when 3603 is divided by 708?
63
What is the remainder when 27783 is divided by 219?
189
What is the remainder when 434074 is divided by 4134?
4
What is the remainder when 31156 is divided by 54?
52
What is the remainder when 18602 is divided by 4643?
30
What is the remainder when 2365 is divided by 1178?
9
Calculate the remainder when 1226350 is divided by 16.
14
What is the remainder when 4659 is divided by 47?
6
Calculate the remainder when 9541 is divided by 370.
291
What is the remainder when 1034651 is divided by 31?
26
What is the remainder when 52849 is divided by 1698?
211
Calculate the remainder when 1095 is divided by 225.
195
What is the remainder when 15945 is divided by 58?
53
What is the remainder when 289956 is divided by 67?
47
Calculate the remainder when 7139 is divided by 2378.
5
Calculate the remainder when 3357 is divided by 317.
187
What is the remainder when 6446 is divided by 717?
710
What is the remainder when 12569 is divided by 449?
446
What is the remainder when 2088 is divided by 851?
386
What is the remainder when 27154 is divided by 372?
370
What is the remainder when 32849 is divided by 50?
49
Calculate the remainder when 41013 is divided by 4543.
126
What is the remainder when 57961 is divided by 673?
83
Calculate the remainder when 44157 is divided by 80.
77
What is the remainder when 58652 is divided by 21?
20
What is the remainder when 734 is divided by 307?
120
Calculate the remainder when 1657746 is divided by 12.
6
Calculate the remainder when 132 is divided by 53.
26
What is the remainder when 7348 is divided by 151?
100
What is the remainder when 139007 is divided by 121?
99
Calculate the remainder when 9420 is divided by 214.
4
Calculate the remainder when 54120 is divided by 97.
91
What is the remainder when 22461 is divided by 18?
15
What is the remainder when 121842 is divided by 121774?
68
Calculate the remainder when 8005 is divided by 275.
30
Calculate the remainder when 110235 is divided by 5.
0
What is the remainder when 943882 is divided by 682?
676
Calculate the remainder when 119057 is divided by 20.
17
What is the remainder when 16299 is divided by 286?
283
Calculate the remainder when 3015342 is divided by 15.
12
What is the remainder when 7128 is divided by 237?
18
What is the remainder when 1851 is divided by 777?
297
What is the remainder when 1030 is divided by 560?
470
What is the remainder when 378617 is divided by 601?
588
Calculate the remainder when 168791 is divided by 56175.
266
Calculate the remainder when 53221 is divided by 17.
11
What is the remainder when 63077 is divided by 43?
39
What is the remainder when 9403 is divided by 8536?
867
Calculate the remainder when 3149 is divided by 782.
21
What is the remainder when 60858 is divided by 425?
83
Calculate the remainder when 1314635 is divided by 284.
283
Calculate the remainder when 38793 is divided by 19.
14
What is the remainder when 48045 is divided by 336?
333
Calculate the remainder when 46341 is divided by 52.
9
Calculate the remainder when 25135 is divided by 1399.
1352
What is the remainder when 22415 is divided by 11?
8
What is the remainder when 5884 is divided by 1955?
19
Calculate the remainder when 16669 is divided by 142.
55
What is the remainder when 88926 is divided by 32?
30
What is the remainder when 26461 is divided by 660?
61
What is the remainder when 10964 is divided by 61?
45
Calculate the remainder when 2782591 is divided by 297.
295
Calculate the remainder when 15001 is divided by 7435.
131
Calculate the remainder when 8462 is divided by 1039.
150
What is the remainder when 160695 is divided by 515?
15
What is the remainder when 6102 is divided by 44?
30
What is the remainder when 5146 is divided by 1022?
36
Calculate the remainder when 1731 is divided by 1719.
12
What is the remainder when 1127 is divided by 355?
62
Calculate the remainder when 542 is divided by 367.
175
Calculate the remainder when 20977 is divided by 109.
49
Calculate the remainder when 4519 is divided by 166.
37
What is the remainder when 186373 is divided by 497?
495
What is the remainder when 14356 is divided by 100?
56
What is the remainder when 44031 is divided by 246?
243
What is the remainder when 22680 is divided by 212?
208
Calculate the remainder when 2614 is divided by 516.
34
What is the remainder when 298850 is divided by 125?
100
Calculate the remainder when 27103 is divided by 9028.
19
What is the remainder when 8656 is divided by 324?
232
What is the remainder when 372 is divided by 17?
15
Calculate the remainder when 3973 is divided by 3967.
6
Calculate the remainder when 16033 is divided by 501.
1
What is the remainder when 9109 is divided by 434?
429
Calculate the remainder when 2999 is divided by 1412.
175
What is the remainder when 327368 is divided by 81839?
12
What is the remainder when 16728 is divided by 2787?
6
Calculate the remainder when 1499957 is divided by 423.
422
Calculate the remainder when 56173 is divided by 25.
23
What is the remainder when 11229 is divided by 230?
189
What is the remainder when 7154 is divided by 110?
4
Calculate the remainder when 4463 is divided by 162.
89
Calculate the remainder when 21175 is divided by 783.
34
What is the remainder when 154675 is divided by 51532?
79
Calculate the remainder when 2432 is divided by 396.
56
Calculate the remainder when 3215 is divided by 276.
179
Calculate the remainder when 99398 is divided by 50.
48
What is the remainder when 467787 is divided by 55?
12
Calculate the remainder when 2907 is divided by 75.
57
Calculate the remainder when 257978 is divided by 4299.
38
Calculate the remainder when 1140 is divided by 376.
12
Calculate the remainder when 2566 is divided by 5.
1
Calculate the remainder when 4409 is divided by 64.
57
Calculate the remainder when 7297 